= 27 - 22. Suppose 466 = a*s + 4*o + 6, -5*o = 0. List the prime factors of s.
2, 23
Suppose 12 = -4*d, 7 = -y - 3*d - 0*d. Suppose y*n = -3*n. Suppose 81 = 3*i - n*i. List the prime factors of i.
3
Let b(v) = 3*v**2 + 3*v - 9. Suppose -1 = 2*n - 5*k, 0 = -n - 4*k + 10 - 4. Let i = n - 6. What are the prime factors of b(i)?
3
Let k be ((-20)/14)/((-3)/42). Suppose -8*u = -3*u - k. Suppose 5*j - 250 = 4*y - 7*y, 0 = 4*j + u*y - 200. What are the prime factors of j?
2, 5
Suppose -2*f = 2*w - 3*f + 13, w + 5*f + 1 = 0. What are the prime factors of 81/1 + 9 + w?
2, 3, 7
Suppose -6*c - 858 + 2406 = 0. List the prime factors of c.
2, 3, 43
Let n(b) = -92*b - 75. List the prime factors of n(-9).
3, 251
List the prime factors of (-66)/11 + 984*1.
2, 3, 163
Let d(j) = -j**2 - 6*j + 10. Let b be d(-6). Let w(m) = -7*m + 23. Let k be w(b). Let o = k - -94. List the prime factors of o.
47
Let y(j) = j**3 + j**2 - 4. Let t be 3/(-2) + (-3)/(-6). Let w be (-1 - 2/1)/t. List the prime factors of y(w).
2
Let w be 4/(-6)*1668/((-8)/(-2)). Let i = -194 - w. List the prime factors of i.
2, 3, 7
Let o(z) = 8*z**3 + 2*z**2 - z. Let f be o(1). Let m(g) = 4 - 3 - f + g**2 - 9. What are the prime factors of m(7)?
2
Suppose 18*y - 3318 = 606. List the prime factors of y.
2, 109
Let i(m) = -13*m + 7. Let v be i(-2). Suppose -19 = -g + d, 9*d = 2*g + 8*d - v. What are the prime factors of g?
2, 7
Let i = 435 + -290. Let l = 210 - i. What are the prime factors of l?
5, 13
Let x(r) = -69*r + 17. Let n be x(-3). Let u = n + -57. List the prime factors of u.
167
Let f = 392 + 198. List the prime factors of f/35 + 2/14.
17
Let g be (3/(-5))/(3/(-15)). Suppose -x - 5*m = -g*x + 30, -5*m = x. Let y = x - 1. What are the prime factors of y?
3
Let x = -33 - -66. What are the prime factors of x?
3, 11
Suppose -2*g + 2910 = 4*g. What are the prime factors of g?
5, 97
Suppose -5*v - 35 = -0*v + 5*y, y = -5*v - 43. Let h be 33/2*(-4)/(-6). Let j = h + v. What are the prime factors of j?
2
Let s = 19 + -14. Suppose -218 = -3*a - 2*n, -a - s*n + 138 = a. List the prime factors of a.
2, 37
Let m(q) = -q + 21. Let y be 3*7/(63/30). Let l be m(y). Let a = 19 - l. What are the prime factors of a?
2
Suppose 0*b - 4 = -2*b. Suppose l + 5*w = -0*l + 16, -b*l - 5*w + 12 = 0. What are the prime factors of (3/l)/(4/(-64))?
2, 3
Let u = 12 + -13. Let y be 4*u/(2 - 3). Suppose -2*a + 3*a = y. List the prime factors of a.
2
Suppose -3 = 20*n - 21*n. Let h(p) = 10*p**2 + 5*p. List the prime factors of h(n).
3, 5, 7
Suppose -2*v + 2*c + 10 = 0, -3*v + 3*c + 17 = 2*v. Suppose -2*q = v + 3. What are the prime factors of 17 - (-4)/q - 1?
2, 7
Suppose 7*z - 10*z = 0. Suppose z = -10*g + 12*g - 134. List the prime factors of g.
67
Suppose -44*f - 80 = -46*f. What are the prime factors of f?
2, 5
Suppose -4*a + 4 = -0*a + 2*l, -5*a = 3*l - 3. Let t = 4 - 4. Suppose t = -5*r + a*d + 39, 3*r + 4*d - 37 = -d. List the prime factors of r.
3
Suppose 0 = -89*f + 84*f + 1015. What are the prime factors of f?
7, 29
Let g(j) = j**3 + 8*j**2 - 10*j + 11. Let r be g(-9). Suppose 13 = l + 4*z, -1 = -l - 0*z + 2*z. Let n = r + l. What are the prime factors of n?
5
Suppose 3*k - 4*s - 102 = 0, -4*k - 47 = s - 183. What are the prime factors of 3 + k/(-1 - 3/(-2))?
71
Suppose 3*b = 7*b - 4*o - 172, -80 = -2*b + 5*o. List the prime factors of (-22)/(-99) - 5/(b/(-772)).
2, 43
Suppose u - 2*g + 6 = 4, 0 = -3*u - 4*g - 16. What are the prime factors of 17/((-17)/(-42))*(-2)/u?
3, 7
Let v = 84 + -47. Let i be (-22)/(-8)*(v + -1). Suppose 0 = 3*k - 0*k - i. What are the prime factors of k?
3, 11
Let f(c) = 38*c + 16*c + 68*c + 4*c + 3. List the prime factors of f(1).
3, 43
Let o = 809 + -540. Suppose 0 = -3*s + 4 + o. What are the prime factors of s?
7, 13
Let z = 353 - 563. Let i = z + 369. List the prime factors of i.
3, 53
Let h be (11 + 1)*(-2)/4. Suppose 4*z = 2*b + 2*z - 14, 2*b + 5*z + 14 = 0. List the prime factors of ((-17)/b)/(h/18).
17
Let a(m) = m**3 + 4*m**2 + 2*m - 1. Let c be a(-3). Suppose -c*i = -31 - 1. Suppose -3*h + i = 4. List the prime factors of h.
2
Let s(a) be the third derivative of -a**4/4 - 17*a**3/6 - 6*a**2. Let l be s(-16). Suppose -2*t = -l + 9. List the prime factors of t.
5, 7
Let z(n) = -2*n**3 + 4*n**2 - n. Let y be z(3). Let s = 25 + y. Suppose -258 + 66 = -s*g + 4*b, -5*g = 2*b - 254. What are the prime factors of g?
2, 5
Let q = -11 - -23. Suppose q*f = 10*f. Let o(x) = x + 2. What are the prime factors of o(f)?
2
Suppose 5*g + 3*h = 13, -h - h + 7 = 3*g. Suppose 0 = -g*y + 69 + 426. List the prime factors of y.
3, 11
Suppose 9*f + 756 = 13*f. List the prime factors of f.
3, 7
Suppose 5*q + h + 216 = 0, -8*q + 3*q - 5*h - 220 = 0. Let c be ((-2)/1 - q)/1. Suppose 0 = -2*x - 5*b + c + 12, -5*b = -2*x + 43. List the prime factors of x.
2, 3
Let l(o) = -3*o - 2. Let u be l(-2). Suppose -u*v - 3*s + 352 = s, -3*s - 166 = -2*v. Suppose 5*d - v - 139 = 0. List the prime factors of d.
3, 5
List the prime factors of (-7 + 943)/6 - 4.
2, 19
Let z(u) = -7*u**2 - 3*u + 3. Let y be z(-3). Let a = y - -107. Let r = a + -33. List the prime factors of r.
23
Suppose -20 = 4*d, 3*d = p + 8*d - 132. Let x = p + -17. What are the prime factors of x?
2, 5, 7
Let v = 20 + -17. Suppose 0 = u + v*u - 200. Suppose 4*z = -2*b + 22, 0 = 4*b - 0*z + 2*z - u. List the prime factors of b.
13
Let o = -1133 - -3300. What are the prime factors of o?
11, 197
Let m(h) = h**2 + 12*h - 29. List the prime factors of m(-31).
2, 5, 7
Let l(n) = 116*n + 10. Let h be l(3). Let t = h + -256. List the prime factors of t.
2, 3, 17
Let u(t) = -359 + 180 - 8*t + 137. List the prime factors of u(-6).
2, 3
Suppose 3*x - 2*t - 31 = 19, 4*x - 68 = 3*t. Suppose -49 = -5*z - x. Suppose 2 + 47 = z*k. What are the prime factors of k?
7
Suppose -5*m = 2*j - 565, -2*m + 7*m + 5*j = 580. What are the prime factors of m?
3, 37
Suppose -7*f + 1497 = -134. List the prime factors of f.
233
Suppose 2*p - 4 = b - 0*p, 0 = 3*b - 5*p + 7. Let t be (-2)/(-6) - 32/b. List the prime factors of 5/1 + 3 + t.
3
Let a(j) = 5*j - 47. Let x be a(11). List the prime factors of 260/x*96/20.
2, 3, 13
List the prime factors of ((-2364)/10)/(13/65*-2).
3, 197
List the prime factors of 3/((-33)/(-21265)) + 22/(-121).
1933
Suppose 0 = -0*c - 2*c - 118. Let g = 85 + c. List the prime factors of g.
2, 13
Let h = 864 + 109. What are the prime factors of h?
7, 139
Let s = 33 + -23. Let u be (-415)/s + 3/(-6). Let k = u - -97. What are the prime factors of k?
5, 11
Suppose 18*y + 332 = 22*y. What are the prime factors of y?
83
Let n(a) = 25*a + 12. Let r be (-3)/(-6) - (-180)/24. List the prime factors of n(r).
2, 53
Suppose 15*t = 14*t + 112. List the prime factors of t.
2, 7
Let h(q) = 4*q**3 + 2*q**2 + 4*q - 7. Let o be h(2). Suppose o*z = 37*z + 224. List the prime factors of z.
2, 7
List the prime factors of 14296/18 + 10/(-45).
2, 397
Suppose -g + 2*g + 13 = 0. Let x = g - -16. Suppose -w + x*p = -13, -2*p + 3 = -3*p. What are the prime factors of w?
2
Suppose -d - d = -4*j - 2626, -3*d = -2*j - 3959. What are the prime factors of d?
3, 7
Let f = 2841 + 918. List the prime factors of f.
3, 7, 179
Suppose -3*r + 10 + 8 = 0. Suppose -215 = -4*k + 3*t, k + 3*t = r*k - 268. List the prime factors of k.
53
Suppose 27*k - 34*k + 2884 = 0. List the prime factors of k.
2, 103
Let x(p) = -2*p - 96*p**2 - 1 - 111*p**2 + 282*p**2. List the prime factors of x(2).
5, 59
Let r(y) = -y**2 + 18*y + 11. Suppose -c - v - 19 = -2*c, -c = -3*v - 25. Let t be r(c). Suppose 2*k = t + 75. List the prime factors of k.
59
Suppose -12*v + 10*v + 12 = 0. Let w be ((-8)/(-6))/(3/513). Suppose 10*i - w = v*i. What are the prime factors of i?
3, 19
Let b = 31 + -37. Let k(a) = -a**3 - 5*a**2 - a + 3. What are the prime factors of k(b)?
3, 5
Let l be -2 - -4 - (-4)/2. Suppose -c = l*c. Suppose c = -6*x + x + 25. What are the prime factors of x?
5
Suppose 6 = 2*f - 2. Let i(j) = -j**2 + 6*j - 1. Let c be i(f). Let x = c - -14. What are the prime factors of x?
3, 7
Suppose -20 = -5*x + 400. Suppose -3*j + 15 = -x. Let t = -9 + j. What are the prime factors of t?
2, 3
List the prime factors of 2074/(-7)*(-99 - -92).
2, 17, 61
Let j be 3*(-4)/(-24)*4. Let o be j*(1 + (-3 - -4)). What are the p